u) be the third derivative of 0*u + 2*u**t + 5/6*u**3 - 1/8*u**4 - 1/60*u**5 + 0. Determine i(-4).
1
Let d = 13 - 12. Let n be (d*-1)/((-13)/(-39)). Let g(r) = -r - 7. Give g(n).
-4
Let v(k) = -3*k - 11. Suppose m = r - 8, -m = -r + 4*m + 28. Let o(t) = -1 - 2*t - 8 - 1. Let s(q) = r*v(q) - 4*o(q). Give s(-5).
12
Let p(k) be the third derivative of k**2 + 0 + 0*k + 0*k**3 + 1/8*k**4 - 1/20*k**5. Determine p(2).
-6
Let v(i) = -5*i**2 + 6*i + 7. Let o(q) = -q**2. Let j(z) = 6*o(z) - v(z). Let s = -14 - -18. Suppose -4*d - 26 = -m - s, -5*d - 35 = -5*m. Give j(d).
-2
Let m(f) be the third derivative of f**4/24 + f**2. Let j(v) = -6*v - 1. Let k be (0 - -2)/(-2) - -6. Let h(a) = k*m(a) + j(a). Give h(-1).
0
Let c = 24 - 25. Let k(z) = -3*z**3 + z**2 + 2*z + 1. Determine k(c).
3
Let b(c) = c + 1. Let f be (2 - (0 - 1))/3. Suppose 0 = -4*d + 5 - f. Determine b(d).
2
Let c(t) = -t**3 - 8*t**2 - 6*t + 3. Let k be c(-7). Let f(h) = 6*h - 14. Let d(j) = 2*j - 5. Let x(y) = -8*d(y) + 3*f(y). Give x(k).
-10
Suppose 0 = 5*i + 2*t + 7 + 1, 4*i + 4*t = -4. Let b(q) = 2*q**2 + 4*q + 3. Let c be b(i). Let d(k) = -c*k + k - k - k + 2 - k**2. Calculate d(-5).
-3
Let u(k) = 3*k + 39. Let y be u(-12). Let b = 7 - 4. Let m(a) = 3*a - 2*a + 3*a**y - 2*a**3 + 5 + b*a**2 - 7*a**2. Calculate m(4).
9
Let g = 12 + -7. Let j(k) = -k**3 + 4*k**2 + 5*k - 2. Let w be j(g). Let h(x) = -x**3 - x**2 - x - 1. Determine h(w).
5
Let f(v) = 2 + v + 0 - 5 - 1. Give f(6).
2
Suppose 0 = -i + 3*i + 30. Let d = i + 17. Let z(v) = 2*v**2 - 2*v + 3. Determine z(d).
7
Let a be -3 - (-3 - 15/3). Let i(j) = j - 5. Determine i(a).
0
Let s(t) = -t**2 - 8*t. Suppose 6*b - 3*b + 21 = 0. Determine s(b).
7
Let d(r) be the second derivative of -r**4/12 + 7*r**3/6 + 4*r**2 + 4*r. Determine d(6).
14
Let r(z) = -z**2 - 4*z - 3. Suppose y + 8 = -y. Give r(y).
-3
Let q(u) = -u**3 + 4*u**2 + u + 6. Suppose 30 = 2*x + 4*x. Determine q(x).
-14
Let v(p) = -5*p**2 + 5*p - 5. Let q(g) = g**2 + 1. Let k(b) = 6*q(b) + v(b). Let h(a) = a**2 + 6*a + 2. Let r(j) = -6*h(j) + 7*k(j). Calculate r(0).
-5
Let a(n) = -2*n - 9. Let g(u) = 0*u + 8 - 2*u + u + 2*u. Let y(c) = 2*a(c) + 3*g(c). Determine y(0).
6
Let b(i) = i**2 + 3*i. Let a be b(-4). Suppose -5*h + a*y + 6 = 6*y, y = h - 4. Suppose 8 + 2 = h*p. Let f(s) = -2*s + 3. Determine f(p).
-7
Let h(a) = 3 + 0*a - 3*a - 4. Suppose 3 + 18 = 3*c. Let o be (1/c)/(2/14). Calculate h(o).
-4
Suppose h + 4*x = -10, 22 = 4*h - 2*x - 10. Let y(w) = -w**2 + 6*w. What is y(h)?
0
Let k be 2 + (-1)/(-1) + -2. Let u = k - 0. Let l(z) = -3*z - 1. Let c(f) = 3*f + 2. Let n(m) = 2*c(m) + 3*l(m). Determine n(u).
-2
Suppose -5*v + 27 = -2*v. Let t be v*3/(-9)*-1. Let z(b) = b**2 - 2*b + 4. Determine z(t).
7
Let b(i) be the second derivative of -i**4/6 + 2*i**3/3 - i**2 - i. Suppose 3 = -l + 5. Let t be l/(-3) + 11/3. Calculate b(t).
-8
Let i(v) be the third derivative of -v**6/120 - v**5/10 - v**4/4 - v**3 - 19*v**2. Calculate i(-5).
-1
Let q(r) = -2*r + 3. Let n(w) = w - 1. Let a(k) = -5*n(k) - 2*q(k). Suppose 5*x = -v - 29, 2*v - 23 = 4*x + 3. Determine a(x).
5
Let q = -16 - -14. Let c = q - -1. Let z(t) = 7*t**3 + 1. Calculate z(c).
-6
Let k = -3 + 4. Let v be (2/1 + -1)/k. Let n(t) = -t**2 - 4*t - 1. Let d(h) = -h**2 - 5*h - 1. Let x(g) = 6*d(g) - 7*n(g). Determine x(v).
0
Let w(s) be the second derivative of -5*s**3/6 + s**2 - 28*s. Determine w(2).
-8
Let c = -3 + 4. Let k(g) = 2*g**3 - g**2 + g. Determine k(c).
2
Let k(u) be the second derivative of 2*u + 0 + u**2 - 1/6*u**3. Calculate k(5).
-3
Let j(d) = 4*d**2 + 1. Let q(o) = 13*o**2 + 3. Let n(k) = -11*j(k) + 4*q(k). What is n(1)?
9
Suppose 5*a = 6*a. Let g(h) be the second derivative of -2*h + a*h**2 - 7/6*h**3 + 0. Determine g(1).
-7
Let r be ((-8)/(-10))/(14/35). Let f(u) = -3 + 2*u**3 + 5 - r*u - u**2 - 1. Suppose 0 = 2*s + i + 1, -2*i - 3 = 3*s + 1. What is f(s)?
9
Let i(d) be the second derivative of -d**5/20 - 2*d**4/3 - d**2 + 5*d. Give i(-8).
-2
Suppose 2*o = a + 4, -a = 3*o - 6*a + 8. Let n(f) = -66*f**2 - 62*f**2 - 6 + 7*f + 127*f**2. Calculate n(o).
6
Let w(k) = 2*k**2 + k - 2. Let t be w(-2). Let a = t - 4. Let c(r) be the first derivative of -r**2/2 + r - 1. Determine c(a).
1
Let m(j) be the first derivative of 5/3*j**3 + 6*j - 5 + 2*j**2 - 1/4*j**4. What is m(6)?
-6
Suppose -3*m - 2*m = 25. Let g(b) = 2*b**3 - 4*b**2 + b + 5. Suppose -14*a = -11*a + 6. Let r(w) = -w**3 + 2*w**2 - 2. Let q(z) = a*g(z) + m*r(z). Give q(3).
3
Let p(k) = 8*k + 1. Suppose 0 + 1 = -b. Let j be (b + (1 - -1))*1. What is p(j)?
9
Let p be 42/(-35)*(-10)/(-4). Let c(m) be the first derivative of 2*m - 1/3*m**3 + 1 - m**2. Determine c(p).
-1
Suppose -33 = -3*w + 5*s, -2*w + 5*w - 45 = s. Let k be (w/20)/((-2)/10). Let l be ((k - -1) + 3)*-1. Let t(u) = u - 4. What is t(l)?
-4
Suppose 15 = 2*j + 3*s, 4*j + 4*s - 7*s - 3 = 0. Let y(l) = l**2 + 3*l - 2. What is y(j)?
16
Let q(b) = -b**3 + b**2 - 2*b**2 - 5*b**2 + 3 - 4*b. Suppose -20 + 4 = -4*l. Suppose l*a + m - 2*m + 19 = 0, a + 2*m + 7 = 0. Calculate q(a).
-2
Let u(t) = -9*t**3 - 4*t**2 + 2 + 5*t + 11*t**3 - 3*t**3. Suppose r + 0*r = 0. Let d = r - 5. What is u(d)?
2
Let v(g) be the second derivative of 3/4*g**5 - 9*g - 1/6*g**4 + 0*g**2 - 1/6*g**3 + 0. Determine v(-1).
-16
Let t(i) = i**3 - 5*i**2 - 3*i + 7. Suppose -5*w = -4*o + 61, -3*w + 26 = 5*o - 41. Let c = -9 + o. Determine t(c).
-8
Suppose -3*z + c = -2*c + 9, -24 = -2*z - 4*c. Let r(q) = -4*q + q**2 + z*q + q - 2 + 3*q. What is r(-4)?
6
Let z(c) = c**2 - 7*c - 5. Let r(y) = -y**2 + 8*y + 4. Let k(p) = -3*r(p) - 2*z(p). Give k(8).
-18
Let z(w) = w + 5. Let y be z(-3). Suppose 3*i + 9 = 2*l + y, -4*l + 2 = -2*i. Let k be 2 - (i - (-1 - 1)). Let c(g) = g + 4. Give c(k).
7
Let l(y) be the first derivative of -y - 9 + 1/2*y**2. Give l(3).
2
Suppose j = -3*j + 5*c - 17, 0 = 5*j + 2*c - 20. Let l(f) = -2 + j - f - 1. Give l(-3).
2
Suppose 0 = -3*g + g. Suppose g*t + 4*t - 20 = 0. Let c(s) = -s - 4. Calculate c(t).
-9
Let k(l) = l**2 + 3*l + 1. Let f(p) = p**3 - 3*p**2 + 2*p - 2. Let w be f(2). What is k(w)?
-1
Let m be -1*((-1 - -2) + -2). Let k(i) = -3*i + 3*i - i**2. Give k(m).
-1
Let l(a) = 2*a. Let o(y) = 9*y - 8. Let f(s) = -4*l(s) + o(s). What is f(6)?
-2
Let r(g) be the second derivative of -g**3/2 - g**2/2 + 13*g. Give r(-5).
14
Suppose -2*b = -5*b + 6. Let q(r) be the first derivative of -r**3/3 + r**2/2 - 10. Give q(b).
-2
Let w(b) be the third derivative of -6*b**2 + 0*b - 3/2*b**3 + 0 + 1/12*b**4. Calculate w(6).
3
Let n(x) = -22*x**2 + 1. Let i(m) = -m**3 - 13*m**2 - 11*m + 13. Let c be i(-12). Calculate n(c).
-21
Suppose -l + 10 = -3*r, 3*l + 24 = l - 5*r. Let g(c) = -2*c + 2. Give g(l).
6
Let v(x) = 7*x**3 - 12*x**2 + 15*x + 13. Let a(h) = -4*h**3 + 6*h**2 - 8*h - 7. Let p be (-4)/(-22) - (-105)/(-33). Let q(k) = p*v(k) - 5*a(k). Calculate q(5).
-4
Let g(w) = -2*w - 3. Let l(y) = 2*y + 2. Let i be (-4)/6 + (-11)/(-3). Suppose 5 = i*p - 4. Let m(f) = p*g(f) + 4*l(f). Calculate m(3).
5
Let y = -9 + 4. Let i(q) = q**3 + 6*q**2 + 5*q - 3. Let b be i(y). Let v(x) = 4*x - 1. Determine v(b).
-13
Suppose -2 = -3*y + 4. Let z(q) = 1 - 3*q - 3*q**y + q**3 + 7*q - q**2. Calculate z(3).
4
Let g = -26 + 45. Let a(t) = -t**2 - 3*t + 20 - g + 5*t. Give a(4).
-7
Let l(w) = 7*w - 26*w + 4 + 11*w + 6*w. What is l(6)?
-8
Suppose 5*x + 29 = -6. Let p(j) = 2*j - 4. What is p(x)?
-18
Let o(h) be the second derivative of 7*h**4/6 - 19*h**3/3 - 12*h**2 - 4*h. Let s(i) = 5*i**2 - 13*i - 8. Let g(b) = -6*o(b) + 17*s(b). Calculate g(-6).
2
Let r(f) = f**3 + 4*f**2 + 2*f + 4. Let s(d) = 3*d**3 + 11*d**2 + 6*d + 11. Let p(g) = 8*r(g) - 3*s(g). What is p(-2)?
7
Let m(y) = -y**3 + 2 + 2*y**2 - 7*y**2 + 3*y + 2*y. Calculate m(-6).
8
Let x(r) = -r**2 + 4*r - 2. Suppose c = -i + 2*i - 1, -2*i + c + 3 = 0. Determine x(i).
2
Suppose 5*q = 4 + 11. Let x(y) = -14*y**2 - 8*y - 11. Let j(s) = -5*s**2 - 3*s - 4. Let o(p) = -11*j(p) + 4*x(p). Calculate o(q).
-6
Let y(i) be the first derivative of i**7/840 + i**6/180 - i**5/24 + i**4/12 - 4*i**3/3 + 4. Let z(t) be the third derivative of y(t). What is z(-4)?
-10
Let p(o) = -o. Let i(z) = 5*z - 4. Let s be (-2)/(-3) + (-70)/(-21). Let x(f) = s*p(f) + i(f). What is x(0)?
-4
Let n(g) = -4*g - 1. Let o be n(-2). L